emainder when a is divided by 107.
103
Let x = 1499 - 1438. What is the remainder when 210 is divided by x?
27
Suppose -51 = 2*i - 93. What is the remainder when 372 is divided by i?
15
Let x be (15/(-40)*-4)/((-3)/(-110)). Suppose 4*k + k = 3*p + 91, 3*k - x = 2*p. Calculate the remainder when 118 is divided by k.
16
Suppose -3 = 2*w - 1. Let k(o) = 2*o**2 - 29*o + 19. What is the remainder when 10 + 0 + (-2 - w) is divided by k(14)?
4
Let s(a) = a**2 - 18*a + 124. Calculate the remainder when 257 is divided by s(9).
42
Let l = 44 - 19. Suppose -5*w - 146 = 4*z - 6*z, 76 = z - 4*w. What is the remainder when z is divided by l?
18
Let w(f) = f**3 - 8*f**2 - 6*f + 12. Let g be w(9). Suppose l + 3*j - 14 = -0*j, 0 = -l + 2*j + g. Calculate the remainder when l is divided by 8.
5
Let d = 422 - 420. Let c be (-44)/(-3) + (-1)/(-3). Suppose 0 = 3*s - d*s - c. What is the remainder when 59 is divided by s?
14
Suppose -142*h + 149*h - 182 = 0. Let s(x) = -4*x - 6. What is the remainder when h is divided by s(-4)?
6
Let v(m) = -m**3 - 3*m**2 + 9. Let o be v(-4). Suppose 2*w + p - 13 - o = 0, -10 = -5*p. What is the remainder when 53 is divided by w?
17
Let t = -4 + 40. Suppose -4*z + 516 = 3*k - z, -5*k - 2*z = -875. Calculate the remainder when k is divided by t.
33
Let g = -94 + 105. Let w(z) = -z**2 - 5*z + 2. Let o be w(-4). What is the remainder when g is divided by 32/o + (-4)/(-6)?
5
Let y(s) = -s**3 - 34*s**2 + 33*s - 21. Calculate the remainder when y(-35) is divided by (-2)/(-8)*14*6.
7
Suppose 3*o = j - 6*j + 299, -5*o + 3*j + 521 = 0. What is the remainder when o is divided by 267/18 + 1/6?
13
Suppose j + 3*b = 2*j - 131, 5*j + 5*b = 595. Let w = -63 + j. Calculate the remainder when w is divided by 21.
17
Suppose -251 = 11*y - 339. Calculate the remainder when y is divided by 4.
0
Suppose 2*d - 32 = -4*a + 4*d, -3*a - 10*d + 1 = 0. Calculate the remainder when 54 is divided by a.
5
Suppose 0 = -3*i - 5*y + 138, i + 0*i + 5*y = 36. What is the remainder when i is divided by 924/72 + 3 + 17/(-6)?
12
Let a(d) = d**3 + 7*d**2 - 17*d - 69. What is the remainder when 8 is divided by a(-8)?
2
Suppose -y + 103 = 5*c, -28*y + 24*y - 2*c + 430 = 0. What is the remainder when y is divided by 26?
4
Suppose 6 = 4*f - 6. What is the remainder when (-13)/f*(3 + -6) is divided by 4?
1
Let d(m) be the second derivative of m**3/2 - 6*m**2 + 4*m. Calculate the remainder when 42 is divided by d(12).
18
Let y(w) = w**2 - 7*w - 8. Let r(b) = -1. Let s(j) = 4*r(j) - y(j). Calculate the remainder when 24 is divided by s(5).
10
Suppose j - 120 = -p - 2*j, 2*j = -2*p + 240. Suppose -3*d = -4*b - 4*d + 119, 3*d - 140 = -5*b. What is the remainder when p is divided by b?
27
Let f = 11 - 8. Calculate the remainder when 2/9 - ((-49600)/(-144))/(-25) is divided by f.
2
Let n(k) = -12 + 4*k + 12. Calculate the remainder when n(8) is divided by 17.
15
Let j be ((-2)/(-4))/(3/120). Suppose -1 = 3*w + 17. Let c = j - w. What is the remainder when c is divided by 14?
12
Let x(g) = g**3 - g**2 + 2*g + 92. Let c be x(0). Suppose c = 18*f - 14*f. What is the remainder when f is divided by 8?
7
Let y = 547 - 373. What is the remainder when y is divided by 35?
34
Suppose -5*n + 11 = 3*q, -4*q - q = -3*n + 27. Suppose 4*m - d = -0*d + 277, -n*d - 349 = -5*m. Calculate the remainder when m is divided by 18.
15
Let s(f) = -3*f + 4. Let i be 3/(12/(-20)) + -1. Let n(t) = 3*t - 5. Let c(h) = i*s(h) - 5*n(h). What is the remainder when 55 is divided by c(6)?
17
What is the remainder when (-6)/(-11 + 3688/336) is divided by 8?
4
Suppose -3*j - w - 69 = -131, -108 = -5*j + 3*w. Let u(y) = 3*y**2 + 3*y - 2. Calculate the remainder when u(6) is divided by j.
19
Suppose -4*t = 4*n - 44, n - 57 = -4*n - 3*t. Calculate the remainder when (-12)/15*-5 + -1 + 12 is divided by n.
3
Let b(r) = -r**3 + 9*r**2 + r - 2. Suppose -5*q + 8 + 17 = 0. Let u = 4 + q. Calculate the remainder when 27 is divided by b(u).
6
Let f(p) = p**3 + 6*p**2 - 8*p + 10. What is the remainder when 148 is divided by f(-7)?
12
Let b = 399 + -296. What is the remainder when b is divided by 8?
7
Suppose -b = -73 + 58. Let r(s) = -s**3 + 6*s**2 + 3*s + 4. Let c be r(6). Let x = c - b. Calculate the remainder when 19 is divided by x.
5
Let g(q) = q**2 + q - 33. Let p be g(-17). Let l = -163 + p. Calculate the remainder when l is divided by 52/6*(1 - -2).
24
Suppose 3*n + 10 = 4. Let w be 10 + (1 - 4) + n. Suppose -150 = -w*f - 8*m + 3*m, -f + 33 = -2*m. What is the remainder when f is divided by 7?
3
Suppose -w = -4*i - 4*w + 44, -3*w = 0. Suppose 20 = b + 3*a - 9, -2*a = 2*b - 46. Calculate the remainder when b is divided by i.
9
Suppose -3*w + 4*d + 85 = -8, 5*d = 2*w - 55. Let j = w - 61. Let m = j - -43. What is the remainder when 66 is divided by m?
15
What is the remainder when 236 is divided by (192/120)/(-1 + (-16)/(-15))?
20
Let k = 153 + -33. Let z be 10/(-5) - -4*2. Suppose -z*n = -n - k. Calculate the remainder when n is divided by 9.
6
Suppose 2 = z - 0. Suppose -7*g + z*g = -80. Calculate the remainder when 62 is divided by g.
14
Let q(w) = 4*w + 7. Let j be q(-2). What is the remainder when ((-270)/36)/(j/2) is divided by 8?
7
Let q(w) = 20*w - 269. What is the remainder when 53 is divided by q(14)?
9
Let c be 3344/(-32) + (-2)/(-4). Let z = -55 - c. What is the remainder when z is divided by 5?
4
Let b be (8/20)/((-1)/15). Let j be (-2)/b*(-8 + 2). Calculate the remainder when 49 is divided by j + 16 + (0 - -3).
15
Suppose -170 + 545 = 4*n + b, 2*b + 273 = 3*n. Calculate the remainder when 646 is divided by n.
88
Suppose 0 = -16*f + 138 + 326. Calculate the remainder when 144 is divided by f.
28
Suppose 2*n + 1802 = 4*z, 590 - 1949 = -3*z + 4*n. Calculate the remainder when z is divided by 50.
49
Suppose -u + 5*j - 12 = 0, -j - j = -10. Let h = 135 + -7. Calculate the remainder when h is divided by u.
11
Calculate the remainder when (1 + -3 - 4242/(-7))/2 is divided by 76.
74
Let g = -38 + 76. Let q = g - 27. What is the remainder when 29 is divided by q?
7
Suppose 30 = 18*t - 17*t. Suppose i - t = -n - 0*n, -i + 134 = 5*n. What is the remainder when 77 is divided by n?
25
Let q be (-9396)/(-18) - (1 - -4). Calculate the remainder when 6/4 + q/22 is divided by 16.
9
Let i(q) be the second derivative of q**5/5 + 2*q**3/3 - q**2/2 - 12*q. Calculate the remainder when i(2) is divided by 10.
9
Suppose 5*x - 204 = z, 2*x + 4*z - 63 - 23 = 0. Let w = 355 - 233. Calculate the remainder when w is divided by x.
40
Let t = 169 + -90. What is the remainder when t is divided by 20?
19
Let b(o) = o**2 + 8*o + 10. Let q be b(-6). Suppose -5*g + g + 24 = 0. What is the remainder when (4 + q)/(1/14) is divided by g?
4
Let r = -264 - -303. Calculate the remainder when 186 is divided by r.
30
Let j = -345 - -501. Let m = j - 109. Calculate the remainder when m is divided by 6.
5
Let z = 95 + -37. Suppose -d = -c + 25, -2*c - 17 = -3*c - d. What is the remainder when z is divided by c?
16
Let t(k) = 4*k - 5*k**3 + 6*k**3 + 7*k**2 + 2*k + 5. Calculate the remainder when t(-4) is divided by 1/(3/2)*12.
5
Let b(q) be the second derivative of -q**5/20 + 7*q**4/6 - 13*q**3/6 + 11*q**2/2 - 7*q. Calculate the remainder when 20 is divided by b(13).
9
Let w(j) = j**2 - 16*j - 17. Suppose 3*l + 6 = -6. Calculate the remainder when w(18) is divided by ((-88)/(-20))/(l/(-10)).
8
Let k = -38 - -57. Let b = 21 + -19. Suppose -3 - k = -b*q. What is the remainder when 21 is divided by q?
10
Suppose -138 = -8*d - 42. Calculate the remainder when 35 - (-2 - -2 - 0) is divided by d.
11
Let p = 970 - 596. Calculate the remainder when p is divided by 15.
14
Let w be 106 - ((-16)/(-4) + -2). Suppose -2*l + 56 = -2*k, 2*k = -4*l + 4*k + w. Calculate the remainder when 47 is divided by l.
23
Let p(i) = i**3 + 21*i**2 + 7. Suppose -168 = -0*h + 8*h. Suppose 130 = 2*l + 3*l. Calculate the remainder when l is divided by p(h).
5
Let t = 1444 - 1427. What is the remainder when t is divided by 3?
2
Let w be -2 - (-2)/(-3)*3. Let p = 9 + w. Calculate the remainder when 17 is divided by p.
2
Suppose 0 = 9*r - 1450 - 1079. Calculate the remainder when r is divided by 47.
46
Suppose 2*k - 4 = k, 5*k - 10 = 5*m. Suppose x - 61 = -4*n, 5*x - 305 = n + m*n. Wh